{"id":14,"date":"2014-03-26T13:26:12","date_gmt":"2014-03-26T13:26:12","guid":{"rendered":"http:\/\/www.tonimir.hr\/vila.tonimir\/?page_id=14"},"modified":"2020-01-24T12:40:57","modified_gmt":"2020-01-24T12:40:57","slug":"apartmani","status":"publish","type":"page","link":"http:\/\/www.tonimir.hr\/vila.tonimir\/apartmani\/","title":{"rendered":"APARTMANI"},"content":{"rendered":"<div dir=\"ltr\" style=\"text-align: center;\">\n<h2>APARTMANI broj 5 i 10<\/h2>\n<p><img loading=\"lazy\" decoding=\"async\" class=\"aligncenter size-large wp-image-165\" src=\"http:\/\/www.tonimir.hr\/vila.tonimir\/wp-content\/uploads\/2020\/01\/IMG_0031-1024x683.jpg\" alt=\"\" width=\"610\" height=\"407\" srcset=\"http:\/\/www.tonimir.hr\/vila.tonimir\/wp-content\/uploads\/2020\/01\/IMG_0031-1024x683.jpg 1024w, http:\/\/www.tonimir.hr\/vila.tonimir\/wp-content\/uploads\/2020\/01\/IMG_0031-300x200.jpg 300w, http:\/\/www.tonimir.hr\/vila.tonimir\/wp-content\/uploads\/2020\/01\/IMG_0031-768x512.jpg 768w, http:\/\/www.tonimir.hr\/vila.tonimir\/wp-content\/uploads\/2020\/01\/IMG_0031-1536x1024.jpg 1536w, http:\/\/www.tonimir.hr\/vila.tonimir\/wp-content\/uploads\/2020\/01\/IMG_0031-2048x1365.jpg 2048w\" sizes=\"auto, (max-width: 610px) 100vw, 610px\" \/><\/p>\n<p style=\"text-align: center;\"><img loading=\"lazy\" decoding=\"async\" class=\"aligncenter size-large wp-image-166\" src=\"http:\/\/www.tonimir.hr\/vila.tonimir\/wp-content\/uploads\/2020\/01\/IMG_0033-1024x683.jpg\" alt=\"\" width=\"610\" height=\"407\" srcset=\"http:\/\/www.tonimir.hr\/vila.tonimir\/wp-content\/uploads\/2020\/01\/IMG_0033-1024x683.jpg 1024w, http:\/\/www.tonimir.hr\/vila.tonimir\/wp-content\/uploads\/2020\/01\/IMG_0033-300x200.jpg 300w, http:\/\/www.tonimir.hr\/vila.tonimir\/wp-content\/uploads\/2020\/01\/IMG_0033-768x512.jpg 768w, http:\/\/www.tonimir.hr\/vila.tonimir\/wp-content\/uploads\/2020\/01\/IMG_0033-1536x1024.jpg 1536w, http:\/\/www.tonimir.hr\/vila.tonimir\/wp-content\/uploads\/2020\/01\/IMG_0033-2048x1365.jpg 2048w\" sizes=\"auto, (max-width: 610px) 100vw, 610px\" \/><\/p>\n<p><img loading=\"lazy\" decoding=\"async\" class=\"aligncenter size-large wp-image-180\" src=\"http:\/\/www.tonimir.hr\/vila.tonimir\/wp-content\/uploads\/2020\/01\/IMG_0050-1024x683.jpg\" alt=\"\" width=\"610\" height=\"407\" srcset=\"http:\/\/www.tonimir.hr\/vila.tonimir\/wp-content\/uploads\/2020\/01\/IMG_0050-1024x683.jpg 1024w, http:\/\/www.tonimir.hr\/vila.tonimir\/wp-content\/uploads\/2020\/01\/IMG_0050-300x200.jpg 300w, http:\/\/www.tonimir.hr\/vila.tonimir\/wp-content\/uploads\/2020\/01\/IMG_0050-768x512.jpg 768w, http:\/\/www.tonimir.hr\/vila.tonimir\/wp-content\/uploads\/2020\/01\/IMG_0050-1536x1024.jpg 1536w, http:\/\/www.tonimir.hr\/vila.tonimir\/wp-content\/uploads\/2020\/01\/IMG_0050-2048x1365.jpg 2048w\" sizes=\"auto, (max-width: 610px) 100vw, 610px\" \/><\/p>\n<p style=\"text-align: center;\"><img loading=\"lazy\" decoding=\"async\" class=\"aligncenter size-large wp-image-173\" src=\"http:\/\/www.tonimir.hr\/vila.tonimir\/wp-content\/uploads\/2020\/01\/IMG_0040-683x1024.jpg\" alt=\"\" width=\"610\" height=\"915\" srcset=\"http:\/\/www.tonimir.hr\/vila.tonimir\/wp-content\/uploads\/2020\/01\/IMG_0040-683x1024.jpg 683w, http:\/\/www.tonimir.hr\/vila.tonimir\/wp-content\/uploads\/2020\/01\/IMG_0040-200x300.jpg 200w, http:\/\/www.tonimir.hr\/vila.tonimir\/wp-content\/uploads\/2020\/01\/IMG_0040-768x1152.jpg 768w, http:\/\/www.tonimir.hr\/vila.tonimir\/wp-content\/uploads\/2020\/01\/IMG_0040-1024x1536.jpg 1024w, http:\/\/www.tonimir.hr\/vila.tonimir\/wp-content\/uploads\/2020\/01\/IMG_0040-1365x2048.jpg 1365w, http:\/\/www.tonimir.hr\/vila.tonimir\/wp-content\/uploads\/2020\/01\/IMG_0040-scaled.jpg 1707w\" sizes=\"auto, (max-width: 610px) 100vw, 610px\" \/><\/p>\n<p style=\"text-align: center;\"><img loading=\"lazy\" decoding=\"async\" class=\"aligncenter size-large wp-image-170\" src=\"http:\/\/www.tonimir.hr\/vila.tonimir\/wp-content\/uploads\/2020\/01\/IMG_0037-683x1024.jpg\" alt=\"\" width=\"610\" height=\"915\" srcset=\"http:\/\/www.tonimir.hr\/vila.tonimir\/wp-content\/uploads\/2020\/01\/IMG_0037-683x1024.jpg 683w, http:\/\/www.tonimir.hr\/vila.tonimir\/wp-content\/uploads\/2020\/01\/IMG_0037-200x300.jpg 200w, http:\/\/www.tonimir.hr\/vila.tonimir\/wp-content\/uploads\/2020\/01\/IMG_0037-768x1152.jpg 768w, http:\/\/www.tonimir.hr\/vila.tonimir\/wp-content\/uploads\/2020\/01\/IMG_0037-1024x1536.jpg 1024w, http:\/\/www.tonimir.hr\/vila.tonimir\/wp-content\/uploads\/2020\/01\/IMG_0037-1365x2048.jpg 1365w, http:\/\/www.tonimir.hr\/vila.tonimir\/wp-content\/uploads\/2020\/01\/IMG_0037-scaled.jpg 1707w\" sizes=\"auto, (max-width: 610px) 100vw, 610px\" \/><\/p>\n<\/div>\n<p style=\"text-align: center;\"><img loading=\"lazy\" decoding=\"async\" class=\"aligncenter size-large wp-image-185\" src=\"http:\/\/www.tonimir.hr\/vila.tonimir\/wp-content\/uploads\/2020\/01\/IMG_0055-1024x683.jpg\" alt=\"\" width=\"610\" height=\"407\" srcset=\"http:\/\/www.tonimir.hr\/vila.tonimir\/wp-content\/uploads\/2020\/01\/IMG_0055-1024x683.jpg 1024w, http:\/\/www.tonimir.hr\/vila.tonimir\/wp-content\/uploads\/2020\/01\/IMG_0055-300x200.jpg 300w, http:\/\/www.tonimir.hr\/vila.tonimir\/wp-content\/uploads\/2020\/01\/IMG_0055-768x512.jpg 768w, http:\/\/www.tonimir.hr\/vila.tonimir\/wp-content\/uploads\/2020\/01\/IMG_0055-1536x1024.jpg 1536w, http:\/\/www.tonimir.hr\/vila.tonimir\/wp-content\/uploads\/2020\/01\/IMG_0055-2048x1365.jpg 2048w\" sizes=\"auto, (max-width: 610px) 100vw, 610px\" \/><\/p>\n<p><img loading=\"lazy\" decoding=\"async\" class=\"aligncenter size-large wp-image-181\" src=\"http:\/\/www.tonimir.hr\/vila.tonimir\/wp-content\/uploads\/2020\/01\/IMG_0051-1024x683.jpg\" alt=\"\" width=\"610\" height=\"407\" srcset=\"http:\/\/www.tonimir.hr\/vila.tonimir\/wp-content\/uploads\/2020\/01\/IMG_0051-1024x683.jpg 1024w, http:\/\/www.tonimir.hr\/vila.tonimir\/wp-content\/uploads\/2020\/01\/IMG_0051-300x200.jpg 300w, http:\/\/www.tonimir.hr\/vila.tonimir\/wp-content\/uploads\/2020\/01\/IMG_0051-768x512.jpg 768w, http:\/\/www.tonimir.hr\/vila.tonimir\/wp-content\/uploads\/2020\/01\/IMG_0051-1536x1024.jpg 1536w, http:\/\/www.tonimir.hr\/vila.tonimir\/wp-content\/uploads\/2020\/01\/IMG_0051-2048x1365.jpg 2048w\" sizes=\"auto, (max-width: 610px) 100vw, 610px\" \/><\/p>\n<p><img loading=\"lazy\" decoding=\"async\" class=\"aligncenter size-large wp-image-186\" src=\"http:\/\/www.tonimir.hr\/vila.tonimir\/wp-content\/uploads\/2020\/01\/IMG_0056-1024x683.jpg\" alt=\"\" width=\"610\" height=\"407\" srcset=\"http:\/\/www.tonimir.hr\/vila.tonimir\/wp-content\/uploads\/2020\/01\/IMG_0056-1024x683.jpg 1024w, http:\/\/www.tonimir.hr\/vila.tonimir\/wp-content\/uploads\/2020\/01\/IMG_0056-300x200.jpg 300w, http:\/\/www.tonimir.hr\/vila.tonimir\/wp-content\/uploads\/2020\/01\/IMG_0056-768x512.jpg 768w, http:\/\/www.tonimir.hr\/vila.tonimir\/wp-content\/uploads\/2020\/01\/IMG_0056-1536x1024.jpg 1536w, http:\/\/www.tonimir.hr\/vila.tonimir\/wp-content\/uploads\/2020\/01\/IMG_0056-2048x1365.jpg 2048w\" sizes=\"auto, (max-width: 610px) 100vw, 610px\" \/><\/p>\n<p><img loading=\"lazy\" decoding=\"async\" class=\"aligncenter size-large wp-image-179\" src=\"http:\/\/www.tonimir.hr\/vila.tonimir\/wp-content\/uploads\/2020\/01\/IMG_0048-1024x683.jpg\" alt=\"\" width=\"610\" height=\"407\" srcset=\"http:\/\/www.tonimir.hr\/vila.tonimir\/wp-content\/uploads\/2020\/01\/IMG_0048-1024x683.jpg 1024w, http:\/\/www.tonimir.hr\/vila.tonimir\/wp-content\/uploads\/2020\/01\/IMG_0048-300x200.jpg 300w, http:\/\/www.tonimir.hr\/vila.tonimir\/wp-content\/uploads\/2020\/01\/IMG_0048-768x512.jpg 768w, http:\/\/www.tonimir.hr\/vila.tonimir\/wp-content\/uploads\/2020\/01\/IMG_0048-1536x1024.jpg 1536w, http:\/\/www.tonimir.hr\/vila.tonimir\/wp-content\/uploads\/2020\/01\/IMG_0048-2048x1365.jpg 2048w\" sizes=\"auto, (max-width: 610px) 100vw, 610px\" \/><\/p>\n<p><img loading=\"lazy\" decoding=\"async\" class=\"aligncenter size-large wp-image-177\" src=\"http:\/\/www.tonimir.hr\/vila.tonimir\/wp-content\/uploads\/2020\/01\/IMG_0046-1024x683.jpg\" alt=\"\" width=\"610\" height=\"407\" srcset=\"http:\/\/www.tonimir.hr\/vila.tonimir\/wp-content\/uploads\/2020\/01\/IMG_0046-1024x683.jpg 1024w, http:\/\/www.tonimir.hr\/vila.tonimir\/wp-content\/uploads\/2020\/01\/IMG_0046-300x200.jpg 300w, http:\/\/www.tonimir.hr\/vila.tonimir\/wp-content\/uploads\/2020\/01\/IMG_0046-768x512.jpg 768w, http:\/\/www.tonimir.hr\/vila.tonimir\/wp-content\/uploads\/2020\/01\/IMG_0046-1536x1024.jpg 1536w, http:\/\/www.tonimir.hr\/vila.tonimir\/wp-content\/uploads\/2020\/01\/IMG_0046-2048x1365.jpg 2048w\" sizes=\"auto, (max-width: 610px) 100vw, 610px\" \/><\/p>\n<div dir=\"ltr\" style=\"text-align: center;\">\n<p><strong>2 apartmana <\/strong>sa spava\u0107om sobom i dva<br \/>le\u017eaja u dnevnom boravku i balkonom od 8,5 m<sup>2<\/sup><\/p>\n<p>_______________________________________________________<\/p>\n<h2><strong>APARTMANI <\/strong>broj<strong> 2, 3, 7 i 8<\/strong><\/h2>\n<p style=\"text-align: center;\"><img loading=\"lazy\" decoding=\"async\" class=\"aligncenter size-large wp-image-200\" src=\"http:\/\/www.tonimir.hr\/vila.tonimir\/wp-content\/uploads\/2020\/01\/IMG_0088-1024x683.jpg\" alt=\"\" width=\"610\" height=\"407\" srcset=\"http:\/\/www.tonimir.hr\/vila.tonimir\/wp-content\/uploads\/2020\/01\/IMG_0088-1024x683.jpg 1024w, http:\/\/www.tonimir.hr\/vila.tonimir\/wp-content\/uploads\/2020\/01\/IMG_0088-300x200.jpg 300w, http:\/\/www.tonimir.hr\/vila.tonimir\/wp-content\/uploads\/2020\/01\/IMG_0088-768x512.jpg 768w, http:\/\/www.tonimir.hr\/vila.tonimir\/wp-content\/uploads\/2020\/01\/IMG_0088-1536x1024.jpg 1536w, http:\/\/www.tonimir.hr\/vila.tonimir\/wp-content\/uploads\/2020\/01\/IMG_0088-2048x1365.jpg 2048w\" sizes=\"auto, (max-width: 610px) 100vw, 610px\" \/><\/p>\n<\/div>\n<div dir=\"ltr\" style=\"text-align: center;\"><img loading=\"lazy\" decoding=\"async\" class=\"aligncenter size-large wp-image-203\" src=\"http:\/\/www.tonimir.hr\/vila.tonimir\/wp-content\/uploads\/2020\/01\/IMG_0091-1024x683.jpg\" alt=\"\" width=\"610\" height=\"407\" srcset=\"http:\/\/www.tonimir.hr\/vila.tonimir\/wp-content\/uploads\/2020\/01\/IMG_0091-1024x683.jpg 1024w, http:\/\/www.tonimir.hr\/vila.tonimir\/wp-content\/uploads\/2020\/01\/IMG_0091-300x200.jpg 300w, http:\/\/www.tonimir.hr\/vila.tonimir\/wp-content\/uploads\/2020\/01\/IMG_0091-768x512.jpg 768w, http:\/\/www.tonimir.hr\/vila.tonimir\/wp-content\/uploads\/2020\/01\/IMG_0091-1536x1024.jpg 1536w, http:\/\/www.tonimir.hr\/vila.tonimir\/wp-content\/uploads\/2020\/01\/IMG_0091-2048x1365.jpg 2048w\" sizes=\"auto, (max-width: 610px) 100vw, 610px\" \/><\/div>\n<div dir=\"ltr\" style=\"text-align: center;\">\u00a0<\/div>\n<div dir=\"ltr\"><img loading=\"lazy\" decoding=\"async\" class=\"aligncenter size-large wp-image-201\" src=\"http:\/\/www.tonimir.hr\/vila.tonimir\/wp-content\/uploads\/2020\/01\/IMG_0089-1024x683.jpg\" alt=\"\" width=\"610\" height=\"407\" srcset=\"http:\/\/www.tonimir.hr\/vila.tonimir\/wp-content\/uploads\/2020\/01\/IMG_0089-1024x683.jpg 1024w, http:\/\/www.tonimir.hr\/vila.tonimir\/wp-content\/uploads\/2020\/01\/IMG_0089-300x200.jpg 300w, http:\/\/www.tonimir.hr\/vila.tonimir\/wp-content\/uploads\/2020\/01\/IMG_0089-768x512.jpg 768w, http:\/\/www.tonimir.hr\/vila.tonimir\/wp-content\/uploads\/2020\/01\/IMG_0089-1536x1024.jpg 1536w, http:\/\/www.tonimir.hr\/vila.tonimir\/wp-content\/uploads\/2020\/01\/IMG_0089-2048x1365.jpg 2048w\" sizes=\"auto, (max-width: 610px) 100vw, 610px\" \/><\/div>\n<div dir=\"ltr\" style=\"text-align: center;\">\u00a0<\/div>\n<div dir=\"ltr\" style=\"text-align: center;\"><img loading=\"lazy\" decoding=\"async\" class=\"aligncenter size-large wp-image-209\" src=\"http:\/\/www.tonimir.hr\/vila.tonimir\/wp-content\/uploads\/2020\/01\/IMG_9941-1024x683.jpg\" alt=\"\" width=\"610\" height=\"407\" srcset=\"http:\/\/www.tonimir.hr\/vila.tonimir\/wp-content\/uploads\/2020\/01\/IMG_9941-1024x683.jpg 1024w, http:\/\/www.tonimir.hr\/vila.tonimir\/wp-content\/uploads\/2020\/01\/IMG_9941-300x200.jpg 300w, http:\/\/www.tonimir.hr\/vila.tonimir\/wp-content\/uploads\/2020\/01\/IMG_9941-768x512.jpg 768w, http:\/\/www.tonimir.hr\/vila.tonimir\/wp-content\/uploads\/2020\/01\/IMG_9941-1536x1024.jpg 1536w, http:\/\/www.tonimir.hr\/vila.tonimir\/wp-content\/uploads\/2020\/01\/IMG_9941-2048x1365.jpg 2048w\" sizes=\"auto, (max-width: 610px) 100vw, 610px\" \/><\/div>\n<div dir=\"ltr\" style=\"text-align: center;\">\u00a0<\/div>\n<div dir=\"ltr\" style=\"text-align: center;\"><img loading=\"lazy\" decoding=\"async\" class=\"aligncenter size-large wp-image-208\" src=\"http:\/\/www.tonimir.hr\/vila.tonimir\/wp-content\/uploads\/2020\/01\/IMG_9939-1024x683.jpg\" alt=\"\" width=\"610\" height=\"407\" srcset=\"http:\/\/www.tonimir.hr\/vila.tonimir\/wp-content\/uploads\/2020\/01\/IMG_9939-1024x683.jpg 1024w, http:\/\/www.tonimir.hr\/vila.tonimir\/wp-content\/uploads\/2020\/01\/IMG_9939-300x200.jpg 300w, http:\/\/www.tonimir.hr\/vila.tonimir\/wp-content\/uploads\/2020\/01\/IMG_9939-768x512.jpg 768w, http:\/\/www.tonimir.hr\/vila.tonimir\/wp-content\/uploads\/2020\/01\/IMG_9939-1536x1024.jpg 1536w, http:\/\/www.tonimir.hr\/vila.tonimir\/wp-content\/uploads\/2020\/01\/IMG_9939-2048x1365.jpg 2048w\" sizes=\"auto, (max-width: 610px) 100vw, 610px\" \/><\/div>\n<div dir=\"ltr\" style=\"text-align: center;\">\u00a0<\/div>\n<div dir=\"ltr\" style=\"text-align: center;\"><img loading=\"lazy\" decoding=\"async\" class=\"aligncenter size-large wp-image-213\" src=\"http:\/\/www.tonimir.hr\/vila.tonimir\/wp-content\/uploads\/2020\/01\/IMG_9945-1024x683.jpg\" alt=\"\" width=\"610\" height=\"407\" srcset=\"http:\/\/www.tonimir.hr\/vila.tonimir\/wp-content\/uploads\/2020\/01\/IMG_9945-1024x683.jpg 1024w, http:\/\/www.tonimir.hr\/vila.tonimir\/wp-content\/uploads\/2020\/01\/IMG_9945-300x200.jpg 300w, http:\/\/www.tonimir.hr\/vila.tonimir\/wp-content\/uploads\/2020\/01\/IMG_9945-768x512.jpg 768w, http:\/\/www.tonimir.hr\/vila.tonimir\/wp-content\/uploads\/2020\/01\/IMG_9945-1536x1024.jpg 1536w, http:\/\/www.tonimir.hr\/vila.tonimir\/wp-content\/uploads\/2020\/01\/IMG_9945-2048x1365.jpg 2048w\" sizes=\"auto, (max-width: 610px) 100vw, 610px\" \/><\/div>\n<div dir=\"ltr\">\u00a0<\/div>\n<div dir=\"ltr\"><img loading=\"lazy\" decoding=\"async\" class=\"aligncenter size-large wp-image-215\" src=\"http:\/\/www.tonimir.hr\/vila.tonimir\/wp-content\/uploads\/2020\/01\/IMG_9947-683x1024.jpg\" alt=\"\" width=\"610\" height=\"915\" srcset=\"http:\/\/www.tonimir.hr\/vila.tonimir\/wp-content\/uploads\/2020\/01\/IMG_9947-683x1024.jpg 683w, http:\/\/www.tonimir.hr\/vila.tonimir\/wp-content\/uploads\/2020\/01\/IMG_9947-200x300.jpg 200w, http:\/\/www.tonimir.hr\/vila.tonimir\/wp-content\/uploads\/2020\/01\/IMG_9947-768x1152.jpg 768w, http:\/\/www.tonimir.hr\/vila.tonimir\/wp-content\/uploads\/2020\/01\/IMG_9947-1024x1536.jpg 1024w, http:\/\/www.tonimir.hr\/vila.tonimir\/wp-content\/uploads\/2020\/01\/IMG_9947-1365x2048.jpg 1365w, http:\/\/www.tonimir.hr\/vila.tonimir\/wp-content\/uploads\/2020\/01\/IMG_9947-scaled.jpg 1707w\" sizes=\"auto, (max-width: 610px) 100vw, 610px\" \/><\/div>\n<div dir=\"ltr\" style=\"text-align: center;\">\u00a0<\/div>\n<div dir=\"ltr\" style=\"text-align: center;\"><img loading=\"lazy\" decoding=\"async\" class=\"aligncenter size-large wp-image-217\" src=\"http:\/\/www.tonimir.hr\/vila.tonimir\/wp-content\/uploads\/2020\/01\/IMG_9950-1024x683.jpg\" alt=\"\" width=\"610\" height=\"407\" srcset=\"http:\/\/www.tonimir.hr\/vila.tonimir\/wp-content\/uploads\/2020\/01\/IMG_9950-1024x683.jpg 1024w, http:\/\/www.tonimir.hr\/vila.tonimir\/wp-content\/uploads\/2020\/01\/IMG_9950-300x200.jpg 300w, http:\/\/www.tonimir.hr\/vila.tonimir\/wp-content\/uploads\/2020\/01\/IMG_9950-768x512.jpg 768w, http:\/\/www.tonimir.hr\/vila.tonimir\/wp-content\/uploads\/2020\/01\/IMG_9950-1536x1024.jpg 1536w, http:\/\/www.tonimir.hr\/vila.tonimir\/wp-content\/uploads\/2020\/01\/IMG_9950-2048x1365.jpg 2048w\" sizes=\"auto, (max-width: 610px) 100vw, 610px\" \/><\/div>\n<div dir=\"ltr\" style=\"text-align: center;\">\u00a0<\/div>\n<div dir=\"ltr\"><img loading=\"lazy\" decoding=\"async\" class=\"aligncenter size-large wp-image-229\" src=\"http:\/\/www.tonimir.hr\/vila.tonimir\/wp-content\/uploads\/2020\/01\/IMG_9964-1024x683.jpg\" alt=\"\" width=\"610\" height=\"407\" srcset=\"http:\/\/www.tonimir.hr\/vila.tonimir\/wp-content\/uploads\/2020\/01\/IMG_9964-1024x683.jpg 1024w, http:\/\/www.tonimir.hr\/vila.tonimir\/wp-content\/uploads\/2020\/01\/IMG_9964-300x200.jpg 300w, http:\/\/www.tonimir.hr\/vila.tonimir\/wp-content\/uploads\/2020\/01\/IMG_9964-768x512.jpg 768w, http:\/\/www.tonimir.hr\/vila.tonimir\/wp-content\/uploads\/2020\/01\/IMG_9964-1536x1024.jpg 1536w, http:\/\/www.tonimir.hr\/vila.tonimir\/wp-content\/uploads\/2020\/01\/IMG_9964-2048x1365.jpg 2048w\" sizes=\"auto, (max-width: 610px) 100vw, 610px\" \/><\/div>\n<div dir=\"ltr\">\u00a0<\/div>\n<div dir=\"ltr\"><img loading=\"lazy\" decoding=\"async\" class=\"aligncenter size-large wp-image-224\" src=\"http:\/\/www.tonimir.hr\/vila.tonimir\/wp-content\/uploads\/2020\/01\/IMG_9958-1024x683.jpg\" alt=\"\" width=\"610\" height=\"407\" srcset=\"http:\/\/www.tonimir.hr\/vila.tonimir\/wp-content\/uploads\/2020\/01\/IMG_9958-1024x683.jpg 1024w, http:\/\/www.tonimir.hr\/vila.tonimir\/wp-content\/uploads\/2020\/01\/IMG_9958-300x200.jpg 300w, http:\/\/www.tonimir.hr\/vila.tonimir\/wp-content\/uploads\/2020\/01\/IMG_9958-768x512.jpg 768w, http:\/\/www.tonimir.hr\/vila.tonimir\/wp-content\/uploads\/2020\/01\/IMG_9958-1536x1024.jpg 1536w, http:\/\/www.tonimir.hr\/vila.tonimir\/wp-content\/uploads\/2020\/01\/IMG_9958-2048x1365.jpg 2048w\" sizes=\"auto, (max-width: 610px) 100vw, 610px\" \/><\/div>\n<div dir=\"ltr\">\u00a0<\/div>\n<div dir=\"ltr\"><img loading=\"lazy\" decoding=\"async\" class=\"aligncenter size-large wp-image-228\" src=\"http:\/\/www.tonimir.hr\/vila.tonimir\/wp-content\/uploads\/2020\/01\/IMG_9963-1024x683.jpg\" alt=\"\" width=\"610\" height=\"407\" srcset=\"http:\/\/www.tonimir.hr\/vila.tonimir\/wp-content\/uploads\/2020\/01\/IMG_9963-1024x683.jpg 1024w, http:\/\/www.tonimir.hr\/vila.tonimir\/wp-content\/uploads\/2020\/01\/IMG_9963-300x200.jpg 300w, http:\/\/www.tonimir.hr\/vila.tonimir\/wp-content\/uploads\/2020\/01\/IMG_9963-768x512.jpg 768w, http:\/\/www.tonimir.hr\/vila.tonimir\/wp-content\/uploads\/2020\/01\/IMG_9963-1536x1024.jpg 1536w, http:\/\/www.tonimir.hr\/vila.tonimir\/wp-content\/uploads\/2020\/01\/IMG_9963-2048x1365.jpg 2048w\" sizes=\"auto, (max-width: 610px) 100vw, 610px\" \/><\/div>\n<div dir=\"ltr\">\u00a0<\/div>\n<div dir=\"ltr\"><img loading=\"lazy\" decoding=\"async\" class=\"aligncenter size-large wp-image-232\" src=\"http:\/\/www.tonimir.hr\/vila.tonimir\/wp-content\/uploads\/2020\/01\/IMG_9969-1024x683.jpg\" alt=\"\" width=\"610\" height=\"407\" srcset=\"http:\/\/www.tonimir.hr\/vila.tonimir\/wp-content\/uploads\/2020\/01\/IMG_9969-1024x683.jpg 1024w, http:\/\/www.tonimir.hr\/vila.tonimir\/wp-content\/uploads\/2020\/01\/IMG_9969-300x200.jpg 300w, http:\/\/www.tonimir.hr\/vila.tonimir\/wp-content\/uploads\/2020\/01\/IMG_9969-768x512.jpg 768w, http:\/\/www.tonimir.hr\/vila.tonimir\/wp-content\/uploads\/2020\/01\/IMG_9969-1536x1024.jpg 1536w, http:\/\/www.tonimir.hr\/vila.tonimir\/wp-content\/uploads\/2020\/01\/IMG_9969-2048x1365.jpg 2048w\" sizes=\"auto, (max-width: 610px) 100vw, 610px\" \/><\/div>\n<div dir=\"ltr\">\u00a0<\/div>\n<div dir=\"ltr\"><img loading=\"lazy\" decoding=\"async\" class=\"aligncenter size-large wp-image-233\" src=\"http:\/\/www.tonimir.hr\/vila.tonimir\/wp-content\/uploads\/2020\/01\/IMG_9970-1024x683.jpg\" alt=\"\" width=\"610\" height=\"407\" srcset=\"http:\/\/www.tonimir.hr\/vila.tonimir\/wp-content\/uploads\/2020\/01\/IMG_9970-1024x683.jpg 1024w, http:\/\/www.tonimir.hr\/vila.tonimir\/wp-content\/uploads\/2020\/01\/IMG_9970-300x200.jpg 300w, http:\/\/www.tonimir.hr\/vila.tonimir\/wp-content\/uploads\/2020\/01\/IMG_9970-768x512.jpg 768w, http:\/\/www.tonimir.hr\/vila.tonimir\/wp-content\/uploads\/2020\/01\/IMG_9970-1536x1024.jpg 1536w, http:\/\/www.tonimir.hr\/vila.tonimir\/wp-content\/uploads\/2020\/01\/IMG_9970-2048x1365.jpg 2048w\" sizes=\"auto, (max-width: 610px) 100vw, 610px\" \/><\/div>\n<div dir=\"ltr\">\u00a0<\/div>\n<div dir=\"ltr\"><img loading=\"lazy\" decoding=\"async\" class=\"aligncenter size-large wp-image-234\" src=\"http:\/\/www.tonimir.hr\/vila.tonimir\/wp-content\/uploads\/2020\/01\/IMG_9971-1024x683.jpg\" alt=\"\" width=\"610\" height=\"407\" srcset=\"http:\/\/www.tonimir.hr\/vila.tonimir\/wp-content\/uploads\/2020\/01\/IMG_9971-1024x683.jpg 1024w, http:\/\/www.tonimir.hr\/vila.tonimir\/wp-content\/uploads\/2020\/01\/IMG_9971-300x200.jpg 300w, http:\/\/www.tonimir.hr\/vila.tonimir\/wp-content\/uploads\/2020\/01\/IMG_9971-768x512.jpg 768w, http:\/\/www.tonimir.hr\/vila.tonimir\/wp-content\/uploads\/2020\/01\/IMG_9971-1536x1024.jpg 1536w, http:\/\/www.tonimir.hr\/vila.tonimir\/wp-content\/uploads\/2020\/01\/IMG_9971-2048x1365.jpg 2048w\" sizes=\"auto, (max-width: 610px) 100vw, 610px\" \/><\/div>\n<div dir=\"ltr\">\u00a0<\/div>\n<div dir=\"ltr\"><img loading=\"lazy\" decoding=\"async\" class=\"aligncenter size-large wp-image-236\" src=\"http:\/\/www.tonimir.hr\/vila.tonimir\/wp-content\/uploads\/2020\/01\/IMG_9973-683x1024.jpg\" alt=\"\" width=\"610\" height=\"915\" srcset=\"http:\/\/www.tonimir.hr\/vila.tonimir\/wp-content\/uploads\/2020\/01\/IMG_9973-683x1024.jpg 683w, http:\/\/www.tonimir.hr\/vila.tonimir\/wp-content\/uploads\/2020\/01\/IMG_9973-200x300.jpg 200w, http:\/\/www.tonimir.hr\/vila.tonimir\/wp-content\/uploads\/2020\/01\/IMG_9973-768x1152.jpg 768w, http:\/\/www.tonimir.hr\/vila.tonimir\/wp-content\/uploads\/2020\/01\/IMG_9973-1024x1536.jpg 1024w, http:\/\/www.tonimir.hr\/vila.tonimir\/wp-content\/uploads\/2020\/01\/IMG_9973-1365x2048.jpg 1365w, http:\/\/www.tonimir.hr\/vila.tonimir\/wp-content\/uploads\/2020\/01\/IMG_9973-scaled.jpg 1707w\" sizes=\"auto, (max-width: 610px) 100vw, 610px\" \/><\/div>\n<div dir=\"ltr\">\u00a0<\/div>\n<div dir=\"ltr\"><img loading=\"lazy\" decoding=\"async\" class=\"aligncenter size-large wp-image-237\" src=\"http:\/\/www.tonimir.hr\/vila.tonimir\/wp-content\/uploads\/2020\/01\/IMG_9974-683x1024.jpg\" alt=\"\" width=\"610\" height=\"915\" srcset=\"http:\/\/www.tonimir.hr\/vila.tonimir\/wp-content\/uploads\/2020\/01\/IMG_9974-683x1024.jpg 683w, http:\/\/www.tonimir.hr\/vila.tonimir\/wp-content\/uploads\/2020\/01\/IMG_9974-200x300.jpg 200w, http:\/\/www.tonimir.hr\/vila.tonimir\/wp-content\/uploads\/2020\/01\/IMG_9974-768x1152.jpg 768w, http:\/\/www.tonimir.hr\/vila.tonimir\/wp-content\/uploads\/2020\/01\/IMG_9974-1024x1536.jpg 1024w, http:\/\/www.tonimir.hr\/vila.tonimir\/wp-content\/uploads\/2020\/01\/IMG_9974-1365x2048.jpg 1365w, http:\/\/www.tonimir.hr\/vila.tonimir\/wp-content\/uploads\/2020\/01\/IMG_9974-scaled.jpg 1707w\" sizes=\"auto, (max-width: 610px) 100vw, 610px\" \/><\/div>\n<div dir=\"ltr\">\u00a0<\/div>\n<div dir=\"ltr\"><img loading=\"lazy\" decoding=\"async\" class=\"aligncenter size-large wp-image-220\" src=\"http:\/\/www.tonimir.hr\/vila.tonimir\/wp-content\/uploads\/2020\/01\/IMG_9953-683x1024.jpg\" alt=\"\" width=\"610\" height=\"915\" srcset=\"http:\/\/www.tonimir.hr\/vila.tonimir\/wp-content\/uploads\/2020\/01\/IMG_9953-683x1024.jpg 683w, http:\/\/www.tonimir.hr\/vila.tonimir\/wp-content\/uploads\/2020\/01\/IMG_9953-200x300.jpg 200w, http:\/\/www.tonimir.hr\/vila.tonimir\/wp-content\/uploads\/2020\/01\/IMG_9953-768x1152.jpg 768w, http:\/\/www.tonimir.hr\/vila.tonimir\/wp-content\/uploads\/2020\/01\/IMG_9953-1024x1536.jpg 1024w, http:\/\/www.tonimir.hr\/vila.tonimir\/wp-content\/uploads\/2020\/01\/IMG_9953-1365x2048.jpg 1365w, http:\/\/www.tonimir.hr\/vila.tonimir\/wp-content\/uploads\/2020\/01\/IMG_9953-scaled.jpg 1707w\" sizes=\"auto, (max-width: 610px) 100vw, 610px\" \/><\/div>\n<div dir=\"ltr\">\u00a0<\/div>\n<div dir=\"ltr\">\u00a0<\/div>\n<div dir=\"ltr\">\n<h4 dir=\"ltr\">\u00a0<\/h4>\n<div dir=\"ltr\" style=\"text-align: center;\">________________________________________________<\/div>\n<div dir=\"ltr\" style=\"text-align: center;\">\u00a0<\/div>\n<\/div>\n<div dir=\"ltr\">\u00a0<\/div>\n<div dir=\"ltr\">\n<h2 dir=\"ltr\" style=\"text-align: center;\">APARTMAN broj 1<\/h2>\n<div dir=\"ltr\"><img loading=\"lazy\" decoding=\"async\" class=\"aligncenter\" src=\"http:\/\/www.tonimir.hr\/wp-content\/uploads\/2012\/11\/a31.jpg\" alt=\"\" width=\"500\" height=\"500\" \/><\/div>\n<div dir=\"ltr\"><img loading=\"lazy\" decoding=\"async\" class=\"aligncenter\" src=\"http:\/\/www.tonimir.hr\/wp-content\/uploads\/2012\/11\/a14.jpg\" alt=\"\" width=\"400\" height=\"300\" \/><\/div>\n<div dir=\"ltr\">\u00a0<\/div>\n<div dir=\"ltr\"><img loading=\"lazy\" decoding=\"async\" class=\"aligncenter\" src=\"http:\/\/www.tonimir.hr\/wp-content\/uploads\/2012\/11\/a21.jpg\" alt=\"\" width=\"250\" height=\"356\" \/><\/div>\n<div dir=\"ltr\">\u00a0<\/div>\n<div dir=\"ltr\"><img loading=\"lazy\" decoding=\"async\" class=\"aligncenter\" src=\"http:\/\/www.tonimir.hr\/wp-content\/uploads\/2012\/11\/a41.jpg\" alt=\"\" width=\"520\" height=\"390\" \/><\/div>\n<div dir=\"ltr\">\u00a0<\/div>\n<p dir=\"ltr\" style=\"text-align: center;\"><strong>1 apartman <\/strong>sa spava\u0107om sobom i dva le\u017eaja u dnevnom boravku<br \/>i terasom od 24 m<\/p>\n<\/div>\n<div dir=\"ltr\" style=\"text-align: center;\">\n<h2 dir=\"ltr\">____________________________<\/h2>\n<\/div>\n<div dir=\"ltr\" style=\"text-align: center;\">\n<p>Svi apartmani imaju <strong>kuhinju i hladnjak<\/strong>,<br \/><strong>klimu<\/strong>, <strong>TV i satelitski<\/strong> prijemnik.<br \/><strong><strong>Parkirali\u0161te za aute je ogra\u0111eno.<\/strong><\/strong><\/p>\n<p><strong><strong>*** mogu\u0107nost kori\u0161tenja be\u017ei\u010dnog interneta\u00a0 ***<\/strong><\/strong><\/p>\n<p>Restoran je smje\u0161ten na pla\u017ei. U centru postoji mogu\u0107nost iznajmljivanja plovila i motora.<\/p>\n<\/div>\n<p dir=\"ltr\" style=\"text-align: center;\">\u00a0<\/p>\n\n\n<p><\/p>\n","protected":false},"excerpt":{"rendered":"<p>APARTMANI broj 5 i 10 2 apartmana sa spava\u0107om sobom i dvale\u017eaja u dnevnom boravku i balkonom od 8,5 m2 _______________________________________________________ APARTMANI broj 2, 3, 7 i 8 \u00a0 \u00a0 \u00a0 \u00a0 \u00a0 \u00a0 \u00a0 \u00a0 \u00a0 \u00a0 \u00a0 \u00a0 \u00a0 \u00a0 \u00a0 \u00a0 \u00a0 \u00a0 ________________________________________________ \u00a0 \u00a0 APARTMAN broj 1 \u00a0 \u00a0 \u00a0 [&hellip;]<\/p>\n","protected":false},"author":1,"featured_media":0,"parent":0,"menu_order":2,"comment_status":"closed","ping_status":"closed","template":"","meta":{"footnotes":""},"class_list":["post-14","page","type-page","status-publish","hentry"],"_links":{"self":[{"href":"http:\/\/www.tonimir.hr\/vila.tonimir\/wp-json\/wp\/v2\/pages\/14","targetHints":{"allow":["GET"]}}],"collection":[{"href":"http:\/\/www.tonimir.hr\/vila.tonimir\/wp-json\/wp\/v2\/pages"}],"about":[{"href":"http:\/\/www.tonimir.hr\/vila.tonimir\/wp-json\/wp\/v2\/types\/page"}],"author":[{"embeddable":true,"href":"http:\/\/www.tonimir.hr\/vila.tonimir\/wp-json\/wp\/v2\/users\/1"}],"replies":[{"embeddable":true,"href":"http:\/\/www.tonimir.hr\/vila.tonimir\/wp-json\/wp\/v2\/comments?post=14"}],"version-history":[{"count":8,"href":"http:\/\/www.tonimir.hr\/vila.tonimir\/wp-json\/wp\/v2\/pages\/14\/revisions"}],"predecessor-version":[{"id":318,"href":"http:\/\/www.tonimir.hr\/vila.tonimir\/wp-json\/wp\/v2\/pages\/14\/revisions\/318"}],"wp:attachment":[{"href":"http:\/\/www.tonimir.hr\/vila.tonimir\/wp-json\/wp\/v2\/media?parent=14"}],"curies":[{"name":"wp","href":"https:\/\/api.w.org\/{rel}","templated":true}]}}